8 (base 11) in base 12?
-152b
What is 130 (base 12) in base 11?
154
What is 20314 (base 5) in base 7?
3614
-2175 (base 8) to base 7
-3231
What is -6121 (base 7) in base 13?
-c73
What is 10025 (base 6) in base 12?
915
Convert -31120 (base 4) to base 10.
-856
What is -3503 (base 6) in base 11?
-696
Convert 10111011011111 (base 2) to base 16.
2edf
What is 2505 (base 14) in base 7?
24605
What is 1200022 (base 3) in base 10?
1223
-4e5f (base 16) to base 2
-100111001011111
Convert 42680 (base 9) to base 7.
145251
Convert 9756 (base 10) to base 11.
736a
-1169 (base 15) to base 16
-e73
What is -2054 (base 6) in base 14?
-254
994 (base 12) to base 2
10110000000
Convert -2123 (base 7) to base 4.
-23300
-214225 (base 6) to base 10
-17801
Convert 13fb (base 16) to base 11.
3930
What is 134042 (base 6) in base 15?
3abe
Convert 26745 (base 11) to base 2.
1001010100010100
-9d60 (base 15) to base 10
-33390
Convert 30221 (base 4) to base 6.
3425
-37 (base 11) to base 14
-2c
-478 (base 12) to base 8
-1234
Convert -23323 (base 6) to base 4.
-310203
3531 (base 6) to base 10
847
What is -70a4 (base 14) in base 16?
-4b98
Convert -178 (base 15) to base 3.
-110112
Convert 1b926 (base 12) to base 11.
28947
What is -11040 (base 9) in base 13?
-3447
Convert 171600 (base 8) to base 10.
62336
Convert 637 (base 11) to base 5.
11031
Convert 631 (base 7) to base 4.
10330
What is -12369 (base 10) in base 3?
-121222010
-237 (base 16) to base 13
-348
11235 (base 9) to base 11
5694
What is 6a78 (base 13) in base 14?
5655
Convert 21 (base 6) to base 13.
10
Convert -20012 (base 3) to base 2.
-10100111
Convert -17430 (base 10) to base 9.
-25816
What is -220222101 (base 3) in base 14?
-68c8
1395 (base 10) to base 4
111303
875 (base 12) to base 10
1241
Convert 1216 (base 11) to base 5.
22330
11201 (base 3) to base 10
127
What is -100010111 (base 2) in base 10?
-279
Convert -1110 (base 5) to base 14.
-b1
Convert 26d (base 15) to base 13.
337
What is -1133 (base 7) in base 6?
-1532
Convert 8370 (base 11) to base 5.
323323
72b (base 12) to base 14
547
Convert 5c4 (base 14) to base 8.
2200
What is 100010020 (base 3) in base 13?
3045
Convert 1442 (base 6) to base 8.
602
Convert 724 (base 8) to base 4.
13110
What is 1000010001 (base 2) in base 16?
211
What is -32003 (base 11) in base 8?
-132774
Convert -20001102 (base 3) to base 5.
-120122
What is 2011 (base 7) in base 4?
22312
What is 5826 (base 9) in base 15?
142c
What is 1176 (base 13) in base 14?
c7d
8d06 (base 14) to base 15
73db
Convert 1644 (base 8) to base 14.
4a8
-4102 (base 9) to base 4
-232313
What is b8b (base 15) in base 2?
101000101110
Convert -8596 (base 10) to base 7.
-34030
Convert -48c2 (base 16) to base 3.
-221112212
Convert 72 (base 12) to base 16.
56
What is -14622 (base 9) in base 12?
-593b
Convert 101001111111 (base 2) to base 8.
5177
What is -175 (base 16) in base 7?
-1042
Convert -10222212 (base 3) to base 9.
-3885
What is -40a (base 14) in base 10?
-794
8e6 (base 16) to base 13
1063
What is 1454 (base 9) in base 15?
4d7
What is 2220 (base 13) in base 5?
123013
Convert -137 (base 16) to base 10.
-311
-320d (base 15) to base 16
-295c
-1a7 (base 15) to base 10
-382
What is 1101000 (base 2) in base 3?
10212
Convert -110102110 (base 3) to base 7.
-35256
Convert 1001100001111100 (base 2) to base 15.
b876
Convert -69ae (base 16) to base 2.
-110100110101110
553 (base 15) to base 13
717
-b60 (base 12) to base 16
-678
-1212222110 (base 3) to base 2
-1001000100101100
-1347 (base 8) to base 3
-1000112
Convert 13 (base 6) to base 13.
9
Convert 22023 (base 6) to base 5.
44124
What is -1a7 (base 12) in base 4?
-10033
-3a0 (base 16) to base 11
-774
What is 101111110101 (base 2) in base 6?
22101
Convert -5454 (base 8) to base 16.
-b2c
What is 96a3 (base 11) in base 4?
3020102
Convert -3221 (base 8) to base 5.
-23211
-51312 (base 7) to base 3
-122011010
What is 12110102 (base 3) in base 11?
2a99
-210120 (base 4) to base 16
-918
-54b1 (base 15) to base 13
-8221
-4330 (base 5) to base 2
-1001001110
Convert -6637 (base 8) to base 7.
-13111
-44246 (base 7) to base 2
-10101101100100
40b84 (base 12) to base 4
110222110
Convert -65 (base 14) to base 10.
-89
Convert -1222010220 (base 3) to base 6.
-455210
Convert -263 (base 16) to base 15.
-2ab
37c8 (base 14) to base 9
14366
-17852 (base 10) to base 7
-103022
13120 (base 7) to base 2
110110100101
What is 133043 (base 5) in base 7?
21511
Convert -243 (base 8) to base 5.
-1123
Convert b6 (base 13) to base 12.
105
16cd (base 15) to base 9
6664
24174 (base 9) to base 7
65122
What is -131130 (base 5) in base 14?
-1c4d
-a968 (base 12) to base 16
-48e0
Convert -1b97 (base 15) to base 12.
-3574
Convert -681 (base 11) to base 5.
-11230
What is 113 (base 4) in base 16?
17
What is 16416 (base 7) in base 2?
1001000111100
What is -2020130 (base 4) in base 7?
-34313
What is -82831 (base 9) in base 11?
-38047
What is -201 (base 11) in base 8?
-363
Convert -11001000010 (base 2) to base 4.
-121002
What is 13544 (base 8) in base 13?
2958
What is -23210101 (base 4) in base 5?
-3004002
1add2 (base 14) to base 12
33838
What is 9a (base 11) in base 16?
6d
Convert 30012 (base 5) to base 9.
2521
What is 233221 (base 4) in base 3?
11011221
What is 100000100 (base 2) in base 16?
104
-3132232 (base 5) to base 14
-15040
951c (base 14) to base 11
18346
Convert 321403 (base 7) to base 3.
2211111101
Convert -253 (base 6) to base 3.
-10220
What is -22336 (base 9) in base 2?
-11101000001000
What is -304 (base 11) in base 2?
-101101111
Convert -6043 (base 7) to base 8.
-4051
Convert 114453 (base 6) to base 10.
10113
What is 1078a (base 11) in base 4?
3303202
What is -62 (base 10) in base 3?
-2022
What is 11797 (base 13) in base 5?
2011230
Convert 223422 (base 5) to base 12.
4757
What is 1704 (base 8) in base 3?
1022201
What is 20210 (base 4) in base 6?
2312
-822 (base 10) to base 2
-1100110110
What is -3511 (base 6) in base 12?
-597
3202 (base 7) to base 5
14004
What is -3564 (base 7) in base 9?
-1726
-721 (base 11) to base 13
-51c
5771 (base 10) to base 4
1122023
What is 11346 (base 9) in base 5?
220300
-1441311 (base 5) to base 7
-155613
Convert 13866 (base 11) to base 15.
5c69
Convert -24143 (base 5) to base 14.
-926
What is 707 (base 12) in base 15?
47a
What is d5be (base 15) in base 12?
2218b
-74516 (base 8) to base 16
-794e
134 (base 14) to base 15
112
What is 15106 (base 11) in base 15?
6533
Convert 49b (base 16) to base 13.
6c9
Convert -3304 (base 8) to base 14.
-8ba
What is b9c (base 13) in base 11?
1548
-2ce (base 16) to base 15
-32d
7a8 (base 15) to base 10
1733
What is -2244343 (base 5) in base 15?
-c068
Convert ed22 (base 15) to base 10.
50207
-310 (base 13) to base 16
-208
Convert -11010101111 (base 2) to base 6.
-11531
What is -1198 (base 13) in base 6?
-15311
Convert -1041b (base 12) to base 2.
-101001101010111
What is -6a0 (base 11) in base 5?
-11321
What is 5c4 (base 16) in base 15?
686
Convert 5225 (base 7) to base 11.
1416
-205 (base 7) to base 6
-251
-43101 (base 5) to base 4
-231111
Convert 1718 (base 11) to base 12.
1331
What is 54413 (base 6) in base 4?
1311021
-18958 (base 15) to base 12
-3a185
What is -10a4 (base 15) in base 3?
-11211201
What is 11a7 (base 13) in base 15?
b1d
What is -110100111010 (base 2) in base 10?
-3386
Convert -12101 (base 4) to base 2.
-110010001
-1021221 (base 3) to base 5
-12233
Convert -1ad (base 14) to base 15.
-184
-22444 (base 6) to base 11
-2446
-355 (base 10) to base 2
-101100011
What is -98a (base 15) in base 5?
-32110
a48 (base 16) to base 11
1a83
Convert -17a4 (base 13) to base 15.
-1094
10 (base 14) to base 4
32
1606 (base 9) to base 15
566
17b41 (base 12) to base 8
103241
What is -1114021 (base 6) in base 11?
-3958a
What is -21113 (base 8) in base 2?
-10001001001011
What is -641 (base 10) in base 8?
-1201
512134 (base 6) to base 16
9eda
What is -1200100002 (base 3) in base 2?
-1000000100011010
-13324 (base 5) to base 2
-10001000001
-25008 (base 9) to base 6
-205355
What is -1145 (base 8) in base 16?
-265
Convert -4cd4 (base 15) to base 13.
-7606
Convert -628 (base 9) to base 16.
-200
18b1 (base 14) to base 6
32403
What is 6a0 (base 13) in base 5?
14034
What is -31323 (base 11) in base 8?
-131112
What is 1011033 (base 5) in base 16?
4009
19437 (base 10) to b